96985.
5, 11, 23, 137, 577
What are the prime factors of 108746822?
2, 31, 1753981
List the prime factors of 16923824.
2, 1057739
What are the prime factors of 323959446?
2, 3, 17, 359, 983
List the prime factors of 446456669.
17, 26262157
What are the prime factors of 366469984?
2, 29, 53, 7451
What are the prime factors of 66293862?
2, 3, 37, 298621
What are the prime factors of 56515413?
3, 1021, 18451
What are the prime factors of 4816375131?
3, 31547, 50891
List the prime factors of 503677927.
67, 7517581
List the prime factors of 2266453659.
3, 755484553
List the prime factors of 26773743.
3, 8924581
List the prime factors of 828279879.
3, 7, 5634557
List the prime factors of 202652823.
3, 67, 1008223
List the prime factors of 82620542.
2, 41310271
List the prime factors of 2317764251.
11, 47, 4483103
What are the prime factors of 3031589188?
2, 53, 193, 74093
What are the prime factors of 61783138?
2, 30891569
List the prime factors of 103288974.
2, 3, 17, 1012637
What are the prime factors of 53225676?
2, 3, 7, 211213
List the prime factors of 44090963.
7, 19, 331511
List the prime factors of 360203839.
360203839
What are the prime factors of 211344022?
2, 105672011
List the prime factors of 76393247.
7, 797, 13693
What are the prime factors of 1178407835?
5, 11, 19, 1127663
What are the prime factors of 2700689310?
2, 3, 5, 11, 31, 29333
List the prime factors of 930291386.
2, 619, 751447
List the prime factors of 48166021.
41, 1174781
List the prime factors of 17188937.
17188937
List the prime factors of 92625914.
2, 46312957
What are the prime factors of 33968377?
41, 173, 4789
What are the prime factors of 4870397559?
3, 1289, 1259477
List the prime factors of 1220908234.
2, 7, 13, 103, 65129
List the prime factors of 72252149.
263, 274723
List the prime factors of 50128247.
13, 23, 359, 467
List the prime factors of 6903502819.
6903502819
What are the prime factors of 121919400?
2, 3, 5, 67733
What are the prime factors of 6772909?
11, 13, 47363
List the prime factors of 1228882290.
2, 3, 5, 311, 131713
What are the prime factors of 278687587?
8243, 33809
List the prime factors of 43013608.
2, 11, 488791
What are the prime factors of 5987836135?
5, 17, 70445131
List the prime factors of 1927868788.
2, 481967197
List the prime factors of 1182380310.
2, 3, 5, 733, 17923
List the prime factors of 723696535.
5, 41, 3530227
List the prime factors of 73091816.
2, 7, 857, 1523
What are the prime factors of 967834767?
3, 79, 4083691
What are the prime factors of 973991225?
5, 137, 284377
List the prime factors of 184958545.
5, 163, 226943
What are the prime factors of 94789001?
337, 281273
What are the prime factors of 30326765?
5, 7, 23, 101, 373
What are the prime factors of 22425332?
2, 5606333
What are the prime factors of 30495632?
2, 1091, 1747
List the prime factors of 3067951.
3067951
List the prime factors of 382193543.
382193543
List the prime factors of 86883457.
86883457
List the prime factors of 89186845.
5, 11, 17, 31, 181
List the prime factors of 18774999.
3, 2086111
List the prime factors of 1551460506.
2, 3, 47, 223, 24671
List the prime factors of 614185435.
5, 17, 7225711
List the prime factors of 29718564.
2, 3, 2476547
List the prime factors of 1453881612.
2, 3, 23, 229, 23003
What are the prime factors of 164796269?
11, 14981479
List the prime factors of 271558154.
2, 7, 19397011
What are the prime factors of 18995980?
2, 5, 719, 1321
What are the prime factors of 944992172?
2, 8941, 26423
List the prime factors of 500004153.
3, 11, 17, 23, 12917
What are the prime factors of 2815427353?
19, 2371, 62497
What are the prime factors of 36473446?
2, 23, 59, 89, 151
What are the prime factors of 14705429?
41, 358669
What are the prime factors of 4259860652?
2, 59, 1223, 14759
List the prime factors of 49608277.
31, 1600267
What are the prime factors of 49231591?
2591, 19001
List the prime factors of 121162027.
7, 241, 71821
What are the prime factors of 471522109?
751, 627859
List the prime factors of 111060025.
5, 4442401
List the prime factors of 48245883.
3, 7, 19, 120917
What are the prime factors of 48478781?
13, 17, 219361
What are the prime factors of 36827779?
36827779
What are the prime factors of 1039117682?
2, 53, 9802997
List the prime factors of 595504265.
5, 31, 61, 62983
List the prime factors of 90244472.
2, 31, 363889
List the prime factors of 68744658.
2, 3, 11457443
List the prime factors of 36107722.
2, 7, 311, 8293
What are the prime factors of 1145788276?
2, 331, 487, 1777
List the prime factors of 63350207.
41, 1545127
What are the prime factors of 137843702?
2, 131, 526121
List the prime factors of 15801186.
2, 3, 2633531
What are the prime factors of 30128317?
41, 734837
What are the prime factors of 5949813717?
3, 223, 479, 2063
List the prime factors of 482352647.
7, 2969, 23209
What are the prime factors of 525026062?
2, 11, 17, 1403813
List the prime factors of 5362883407.
7, 766126201
What are the prime factors of 70195415?
5, 337, 41659
List the prime factors of 4997891610.
2, 3, 5, 29, 31, 223, 277
What are the prime factors of 38896390?
2, 5, 13, 433, 691
List the prime factors of 635526213.
3, 7, 29, 1043557
List the prime factors of 13096250.
2, 5, 10477
List the prime factors of 1100020586.
2, 7, 23, 148531
What are the prime factors of 110244950?
2, 5, 29, 76031
What are the prime factors of 307273180?
2, 5, 59, 109, 2389
What are the prime factors of 24666086?
2, 12333043
List the prime factors of 2012990904.
2, 3, 2621, 10667
List the prime factors of 1367953046.
2, 83, 8240681
List the prime factors of 2605875806.
2, 419, 3109637
What are the prime factors of 110072320?
2, 5, 19, 31, 73
What are the prime factors of 471141734?
2, 7, 33652981
List the prime factors of 741218660.
2, 5, 7, 13, 407263
List the prime factors of 33413569.
7, 47, 101561
List the prime factors of 2345915850.
2, 3, 5, 17, 29, 31723
What are the prime factors of 179653143?
3, 59884381
List the prime factors of 1976608201.
23, 233, 1583
List the prime factors of 47886923.
7, 6840989
What are the prime factors of 3575752167?
3, 13, 4289, 21377
What are the prime factors of 99122525?
5, 19, 23, 43, 211
What are the prime factors of 25626828?
2, 3, 337, 6337
List the prime factors of 1231842497.
79, 15592943
List the prime factors of 407991637.
37, 263, 41927
What are the prime factors of 2624021668?
2, 656005417
List the prime factors of 902243300.
2, 5, 7, 1288919
List the prime factors of 2334252353.
19, 31, 167, 1249
What are the prime factors of 3790575470?
2, 5, 11, 3132707
What are the prime factors of 2604686423?
2604686423
List the prime factors of 703002382.
2, 71, 313, 15817
What are the prime factors of 301474515?
3, 5, 17, 1182253
List the prime factors of 17497749.
3, 5832583
What are the prime factors of 406441704?
2, 3, 83, 211, 967
List the prime factors of 756626328.
2, 3, 10508699
What are the prime factors of 232904895?
3, 5, 15526993
List the prime factors of 47745738.
2, 3, 43, 61687
List the prime factors of 1851723461.
7, 1949, 135727
What are the prime factors of 1469460641?
11, 2029, 65839
List the prime factors of 427100572.
2, 229, 466267
List the prime factors of 107421014.
2, 31, 1732597
List the prime factors of 2435689906.
2, 13, 7001, 13381
What are the prime factors of 1748573952?
2, 3, 19, 119831
List the prime factors of 145373683.
7, 13, 1597513
List the prime factors of 209064290.
2, 5, 293, 71353
List the prime factors of 2732509814.
2, 19, 599, 120047
What are the prime factors of 168633329?
168633329
What are the prime factors of 193210493?
7, 53, 199, 2617
List the prime factors of 1138865201.
1138865201
List the prime factors of 4128544564.
2, 2237, 461393
List the prime factors of 398922974.
2, 19, 37, 151, 1879
List the prime factors of 590378694.
2, 3, 29, 31, 109451
List the prime factors of 715082125.
5, 5720657
List the prime factors of 3988195529.
17, 229, 853, 1201
What are the prime factors of 50186008?
2, 29, 216319
List the prime factors of 631913051.
7, 11, 8206663
What are the prime factors of 322392851?
11, 2699, 10859
List the prime factors of 873180081.
3, 71, 149, 1019
What are the prime factors of 34167487?
31, 229, 4813
What are the prime factors